ltiple of 23?
True
Is 1776 a factor of 94123587?
False
Is 64778724 a multiple of 18?
True
Is 795455566 a multiple of 234?
False
Is 12378824 a multiple of 233?
True
Does 21 divide 612717?
True
Is 15 a factor of 873346470?
True
Is 504 a factor of 351825197?
False
Is 183 a factor of 61025780?
False
Does 269 divide 19522165?
False
Is 79023931 a multiple of 201?
False
Is 388 a factor of 269267739?
False
Is 861105 a multiple of 5?
True
Is 603 a factor of 2045802321?
True
Is 61 a factor of 24403073?
False
Is 117 a factor of 12882973?
False
Is 82730800 a multiple of 4?
True
Is 32541903 a multiple of 9?
True
Is 88229100 a multiple of 15?
True
Is 259 a factor of 28959432?
False
Is 5 a factor of 8067093?
False
Is 14 a factor of 82584590?
False
Does 257 divide 34961766?
True
Is 745 a factor of 28594590?
True
Is 40 a factor of 151038320?
True
Is 65 a factor of 1040652860?
True
Is 2180 a factor of 49165540?
True
Is 699 a factor of 41812782?
True
Is 3532504288 a multiple of 2885?
False
Is 10 a factor of 25266860?
True
Is 1422 a factor of 60481926?
True
Does 1779 divide 49618089?
True
Is 60821432 a multiple of 598?
False
Does 65 divide 7258974?
False
Is 15878434 a multiple of 1144?
False
Does 1746 divide 42165900?
True
Is 9 a factor of 14699644?
False
Does 12 divide 6150268?
False
Is 10 a factor of 69793716?
False
Is 2127321480 a multiple of 6?
True
Does 1022 divide 79493204?
True
Is 39 a factor of 303800833?
False
Is 123 a factor of 6649995?
True
Is 12 a factor of 82470485?
False
Is 122 a factor of 1120484356?
True
Is 96433490 a multiple of 12?
False
Is 95 a factor of 3315727609?
False
Is 611159262 a multiple of 614?
False
Does 228 divide 2367168048?
True
Is 29 a factor of 5625826?
True
Does 321 divide 11690706?
False
Is 39900851 a multiple of 13?
False
Is 12 a factor of 27484665?
False
Does 10 divide 9098530?
True
Is 248978691 a multiple of 39?
True
Is 5049 a factor of 713767032?
True
Is 59499264 a multiple of 4224?
True
Is 958853155 a multiple of 65?
True
Does 462 divide 578620564?
False
Is 84064972 a multiple of 574?
False
Does 271 divide 16281680?
True
Does 14 divide 91152364?
False
Is 734 a factor of 27718042?
True
Is 203 a factor of 12191774?
True
Does 14 divide 3236529175?
False
Is 1109 a factor of 48872521?
True
Does 11 divide 406027886?
True
Does 12 divide 28560072?
True
Is 29 a factor of 5047982?
False
Is 3922 a factor of 154664070?
True
Is 67 a factor of 36158560?
True
Is 752265220 a multiple of 278?
True
Is 285 a factor of 150755877?
False
Does 30 divide 183067304?
False
Does 90 divide 54199827?
False
Does 4373 divide 83681728?
True
Is 72216250 a multiple of 775?
False
Is 1943189434 a multiple of 10?
False
Does 134 divide 58179316?
True
Does 129 divide 130637479?
False
Is 7145 a factor of 188011680?
False
Does 14 divide 544010336?
False
Does 1416 divide 1852868568?
True
Is 29 a factor of 2421390?
False
Is 656599192 a multiple of 5?
False
Is 85437481 a multiple of 7123?
False
Is 8 a factor of 508627155?
False
Is 1040890512 a multiple of 15396?
False
Is 11671 a factor of 1973624455?
True
Is 818884374 a multiple of 649?
False
Does 73 divide 725775236?
False
Is 373944964 a multiple of 853?
True
Is 17675266 a multiple of 1013?
False
Does 522 divide 15138000?
True
Is 29 a factor of 46443717?
False
Is 26 a factor of 162275187?
False
Does 301 divide 238271585?
False
Is 898243 a multiple of 610?
False
Does 174 divide 19469452?
False
Is 252184821 a multiple of 2891?
True
Is 17 a factor of 257076458?
False
Is 418 a factor of 25199943?
False
Is 332 a factor of 38964537?
False
Does 33 divide 688492167?
True
Is 239793461 a multiple of 2080?
False
Does 18 divide 8672353?
False
Does 5 divide 5104360?
True
Is 20343236 a multiple of 7?
False
Is 580 a factor of 44170480?
True
Is 2033976 a multiple of 21?
True
Is 223864410 a multiple of 66?
True
Is 7 a factor of 263341186?
False
Is 42 a factor of 57299718?
True
Does 52 divide 8443292?
True
Is 37 a factor of 189601798?
False
Does 332 divide 234324936?
True
Does 3696 divide 41188224?
True
Does 13 divide 166551281?
True
Does 144 divide 31917168?
True
Does 35 divide 2617198920?
True
Is 340 a factor of 169338020?
True
Is 3644739514 a multiple of 26?
True
Is 29487129 a multiple of 1057?
True
Is 9 a factor of 3596861?
False
Is 12 a factor of 220512873?
False
Is 238119312 a multiple of 40?
False
Is 376309536 a multiple of 1184?
True
Is 506 a factor of 5533616?
True
Is 13752664 a multiple of 9?
False
Does 371 divide 1584543597?
True
Is 476794217 a multiple of 7?
False
Does 392 divide 396867856?
True
Is 36574347 a multiple of 643?
False
Is 29 a factor of 262079960?
True
Is 36 a factor of 17325540?
True
Is 8 a factor of 2061024?
True
Is 1205 a factor of 1693025?
True
Is 4590593275 a multiple of 24?
False
Does 314 divide 194371389?
False
Is 297362887 a multiple of 388?
False
Is 2102 a factor of 644824234?
True
Is 4278 a factor of 300216359?
False
Does 8 divide 125105824?
True
Is 13 a factor of 9362052?
False
Does 125 divide 12683958?
False
Is 123258888 a multiple of 6?
True
Is 50 a factor of 12729150?
True
Is 89 a factor of 2746653736?
False
Is 7133742 a multiple of 7?
True
Is 284 a factor of 21372925?
False
Is 245 a factor of 15879430?
True
Is 7 a factor of 1073138468?
False
Is 38140452 a multiple of 14?
True
Is 2327103261 a multiple of 21?
True
Is 1762 a factor of 10795774?
True
Is 52357795 a multiple of 4?
False
Does 1129 divide 12211930?
False
Does 152 divide 89380712?
True
Is 2497922 a multiple of 142?
True
Is 11 a factor of 3511220?
False
Is 414841371 a multiple of 33?
False
Is 65803535 a multiple of 27?
False
Is 803 a factor of 741265360?
True
Is 303869648 a multiple of 886?
True
Does 11 divide 1318281266?
False
Is 19 a factor of 16950470?
True
Is 6 a factor of 10218021?
False
Is 858427598 a multiple of 122?
False
Does 80 divide 1101997102?
False
Is 158 a factor of 181489278?
False
Is 60731868 a multiple of 46?
True
Is 9102193 a multiple of 20?
False
Is 43 a factor of 417504974?
True
Is 8 a factor of 147945952?
True
Is 207 a factor of 109025451?
True
Is 48357288 a multiple of 36?
True
Is 435019406 a multiple of 3119?
True
Is 21476075 a multiple of 195?
False
Is 194855642 a multiple of 118?
True
Is 3450420810 a multiple of 9942?
True
Is 110109030 a multiple of 15?
True
Is 49 a factor of 124134640?
True
Is 22547170 a multiple of 15?
False
Does 65 divide 41591325?
False
Is 84 a factor of 32951740?
False
Is 3 a factor of 455967535?
False
Is 2551 a factor of 69769850?
True
Does 993 divide 77756865?
True
Is 11 a factor of 3007986707?
True
Is 220732514 a multiple of 1027?
False
Is 15 a factor of 59864215?
False
Is 858326700 a multiple of 525?
True
Is 13788325 a multiple of 5?
True
Does 22 divide 8302237?
False
Is 126171666 a multiple of 19?
True
Is 2593724532 a multiple of 12320?
False
Is 420963731 a multiple of 3?
False
Does 28 divide 229488308?
True
Does 22 divide 165941842?
True
Is 1118174256 a multiple of 12?
True
Is 31 a factor of 183097659?
False
Does 283 divide 210862677?
False
Is 12 a factor of 31731528?
True
Is 18323424 a multiple of 2016?
True
Is 826 a factor of 87440711?
False
Is 357 a factor of 52582930?
False
Does 112 divide 292837471?
False
Is 269404290 a multiple of 18?
True
Is 121404402 a multiple of 1407?
True
Does 40 divide 10816648?
False
Is 1104 a factor of 229552512?
True
Is 33500328 a multiple of 276?
True
Is 3029 a factor of 241653364?
False
Is 122164851 a multiple of 4635?
False
Is 8 a factor of 8696680?
True
Is 33391620 a multiple of 282?
True
Is 390 a factor of 288436369?
False
Is 39 a factor of 5564325?
True
Does 28 divide 2059653904?
True
Is 6 a factor of 1930369896?
True
Does 6 divide 282681187?
False
Is 80 a factor of 3000849440?
True
Does 1550 divide 33070777?
False
Is 3514121010 a multiple of 1242?
True
Is 78 a factor of 378671918?
False
Is 240224312 a multiple of 292?
True
Does 1413 divide 738235980?
True
Is 236152064 a multiple of 246?
False
Is 83 a factor of 20736969?
True
Is 71 a factor of 7145014?
True
Does 1621 divide 12091039?
True
Is 4653792 a multiple of 36?
True
Does 86 divide 11419972?
False
Does 177 divide 41557459?
False
Does 150 divide 6002376?
False
Does 2436 divide 45928495?
False
Is 31454002 a multiple of 13?
False
Does 196 divide 5540999?
False
Is 23542002 a multiple of 9?
